ANNUAL CLIMATOLOGICAL SUMMARY 2016
NAME: UD15 CITY: STATE:
ELEV: LAT: 46¡ 6' 0" N LONG: 13¡ 6' 0" E
TEMPERATURE ¡C HEAT BASE 18.3 COOL BASE 18.3
YR | MO | MEAN MAX | MEAN MIN | MEAN | DEP FROM NORM | HEAT DEG DAYS | COOL DEG DAYS | HI | HI DATE | LOW | LOW DATE | MAX >= 90 | MAX <= 32 | MIN <= 32 | MIN <= 0 |
2016 | 1 | 7.7 | -0.7 | 3.5 | 0.0 | 459.9 | 0.0 | 10.9 | 28.0 | -5.2 | 17.0 | 0.0 | 0.0 | 21.0 | 0.0 |
2016 | 2 | 9.6 | 3.5 | 6.5 | 0.0 | 341.1 | 0.0 | 14.7 | 18.0 | -1.1 | 5.0 | 0.0 | 0.0 | 2.0 | 0.0 |
2016 | 3 | 13.6 | 4.0 | 8.8 | 0.0 | 294.7 | 0.0 | 17.7 | 31.0 | -0.3 | 24.0 | 0.0 | 0.0 | 1.0 | 0.0 |
2016 | 4 | 18.4 | 8.5 | 13.4 | 0.0 | 145.9 | 0.0 | 23.0 | 7.0 | 2.2 | 25.0 | 0.0 | 0.0 | 0.0 | 0.0 |
2016 | 5 | 21.4 | 11.9 | 16.6 | 0.0 | 63.0 | 11.4 | 27.9 | 28.0 | 8.9 | 17.0 | 0.0 | 0.0 | 0.0 | 0.0 |
2016 | 6 | 25.6 | 16.3 | 21.0 | 0.0 | 5.8 | 85.4 | 34.6 | 24.0 | 11.7 | 3.0 | 2.0 | 0.0 | 0.0 | 0.0 |
2016 | 7 | 30.1 | 18.7 | 24.4 | 0.0 | 0.0 | 189.2 | 33.3 | 10.0 | 12.7 | 17.0 | 6.0 | 0.0 | 0.0 | 0.0 |
2016 | 8 | 28.6 | 16.6 | 22.6 | 0.0 | 1.3 | 135.2 | 32.7 | 4.0 | 12.2 | 12.0 | 2.0 | 0.0 | 0.0 | 0.0 |
2016 | 9 | 26.6 | 15.8 | 21.2 | 0.0 | 3.6 | 90.7 | 31.8 | 9.0 | 10.6 | 23.0 | 0.0 | 0.0 | 0.0 | 0.0 |
2016 | 10 | 17.5 | 8.8 | 13.1 | 0.0 | 99.4 | 1.3 | 23.3 | 1.0 | 2.8 | 12.0 | 0.0 | 0.0 | 0.0 | 0.0 |
2016 | 11 |
2016 | 12 |
AVG | | 19.9 | 10.3 | 15.1 | 0.0 | 1414.7 | 513.2 | 34.6 | JUN | -5.2 | JAN | 10.0 | 0.0 | 24.0 | 0.0 |
PRECIPITATION mmYR | MO | TOTAL | DEP FROM NORM | MAX OBS DAY | DATE | .2 | 2 | 20 |
2016 | 1 | 83.57 | 0.0 | 31.75 | 11.0 | 13.0 | 6.0 | 2.0 |
2016 | 2 | 417.58 | 0.0 | 78.99 | 8.0 | 19.0 | 15.0 | 8.0 |
2016 | 3 | 129.29 | 0.0 | 62.48 | 3.0 | 12.0 | 7.0 | 2.0 |
2016 | 4 | 68.83 | 0.0 | 22.61 | 26.0 | 9.0 | 6.0 | 1.0 |
2016 | 5 | 254.76 | 0.0 | 54.86 | 31.0 | 13.0 | 12.0 | 6.0 |
2016 | 6 | 189.74 | 0.0 | 85.09 | 11.0 | 15.0 | 12.0 | 3.0 |
2016 | 7 | 73.41 | 0.0 | 28.19 | 31.0 | 13.0 | 7.0 | 1.0 |
2016 | 8 | 81.79 | 0.0 | 33.53 | 10.0 | 10.0 | 6.0 | 2.0 |
2016 | 9 | 81.79 | 0.0 | 29.97 | 4.0 | 8.0 | 6.0 | 2.0 |
2016 | 10 | 82.04 | 0.0 | 26.92 | 3.0 | 10.0 | 7.0 | 2.0 |
2016 | 11 | 0.0 | 0.0 | 0.0 | 1.0 | 0.0 | 0.0 | 0.0 |
2016 | 12 | 0.0 | 0.0 | 0.0 | 1.0 | 0.0 | 0.0 | 0.0 |
AVG | | 1462.79 | 0.0 | 85.09 | JUN | 122.0 | 84.0 | 29.0 |
WIND SPEED KM/HRYR | MO | AVG | HI | DATE | DOM DIR |
2016 | 1 | 1.4 | 32.2 | 17.0 | NNW |
2016 | 2 | 4.3 | 53.1 | 3.0 | N |
2016 | 3 | 3.6 | 53.1 | 3.0 | N |
2016 | 4 | 1.9 | 57.9 | 27.0 | E |
2016 | 5 | 1.9 | 45.1 | 5.0 | N |
2016 | 6 | 1.6 | 40.2 | 27.0 | N |
2016 | 7 | 1.5 | 45.1 | 3.0 | N |
2016 | 8 | 1.3 | 40.2 | 21.0 | N |
2016 | 9 | 0.8 | 48.3 | 4.0 | N |
2016 | 10 | 0.6 | 29.0 | 15.0 | E |
2016 | 11 | 0.0 | 0.0 | 0.0 | ------- |
2016 | 12 | 0.0 | 0.0 | 0.0 | ------- |
AVG | | 1.6 | 57.9 | APR | N |